{"id":3492,"date":"2026-02-02T09:43:53","date_gmt":"2026-02-02T09:43:53","guid":{"rendered":"https:\/\/copernico.edu.it\/?page_id=3492"},"modified":"2026-02-02T09:43:53","modified_gmt":"2026-02-02T09:43:53","slug":"assicurazione","status":"publish","type":"page","link":"https:\/\/copernico.edu.it\/?page_id=3492","title":{"rendered":"Assicurazione"},"content":{"rendered":"<p style=\"text-align: center;\"><strong>ASSICURAZIONE SCOLASTICA<\/strong><\/p>\n<ol>\n<li style=\"text-align: left;\"><strong> L&#8217;ASSICURAZIONE OBBLIGATORIA INAIL<\/strong><\/li>\n<\/ol>\n<p>Il testo unico approvato con il DPR\u00a030 giugno 1965,\u00a0n. 1124\u00a0stabilisce\u00a0i requisiti in presenza dei\u00a0quali opera l\u2019assicurazione obbligatoria e gratuita presso INAIL contro gli infortuni sul lavoro e le malattie professionali.<\/p>\n<p><strong><em>Le caratteristiche originali dell&#8217;assicurazione\u00a0INAIL<\/em><\/strong><\/p>\n<p>La copertura\u00a0INAIL degli <strong>alunni\u00a0<\/strong> \u00e8 prevista a partire dalla scuola primaria e in origine trovava applicazione esclusivamente\u00a0per gli eventi lesivi accaduti durante lo svolgimento di esperienze tecnico-scientifiche,\u00a0esperienze di lavoro, esercitazioni pratiche, incluse le prove d\u2019esame. Sono considerate esercitazioni pratiche le esercitazioni di ginnastica (educazione fisica\/motoria), di alfabetizzazione informatica e di lingua straniera svolte con macchine\u00a0elettriche, i viaggi di istruzione o comunque viaggi di integrazione della preparazione\u00a0di indirizzo, organizzati dalle scuole nell\u2019ambito dell\u2019offerta formativa. Sono esclusi gli infortuni in itinere.<\/p>\n<p>Invece, per\u00a0il <strong>personale scolastico\u00a0<\/strong>i requisiti in origine erano i seguenti:<\/p>\n<p>1) uso non occasionale di macchine elettriche o elettroniche (computer, tablet,\u00a0macchine fotocopiatrici, proiettori, lavagne interattive multimediali, registro di\u00a0classe elettronico, ecc.) o svolgimento di attivit\u00e0 lavorativa in via non\u00a0occasionale in un ambiente organizzato in cui sono presenti macchine elettriche\u00a0o elettroniche (cd. rischio ambientale);<\/p>\n<p>2) svolgimento di esperienze tecnico-scientifiche, esercitazioni pratiche e\u00a0esercitazioni di lavoro. Sono considerate esercitazioni pratiche le esercitazioni di\u00a0ginnastica (scienze motorie e sportive), di alfabetizzazione informatica e di\u00a0lingua straniera svolte con macchine elettriche, l\u2019attivit\u00e0 di sostegno e di\u00a0assistenza agli alunni, di accompagnamento nei viaggi di istruzione o comunque\u00a0viaggi di integrazione della preparazione di indirizzo, organizzati dalle scuole\u00a0nell\u2019ambito dell\u2019offerta formativa.\u00a0Sono ricompresi nella copertura assicurativa gli insegnanti della scuola dell\u2019infanzia che\u00a0svolgono attivit\u00e0 assimilabili alle esercitazioni pratiche.<\/p>\n<p><strong><em>L\u2019estensione permanente dell\u2019assicurazione INAIL <\/em><\/strong><\/p>\n<p>L\u2019articolo 2 ter del Decreto Legge n. 90 del 24 giugno 2025 (convertito con Legge n. 109 del 30\/07\/2025) ha reso definitiva l\u2019estensione dell\u2019ambito di applicazione dell\u2019assicurazione INAIL contro gli infortuni sul lavoro nei settori dell\u2019istruzione e della formazione. Tale Legge ha reso valido anche per il corrente anno scolastico 2025\/26 e per tutti gli anni successivi il Decreto Lavoro (art. 18 Decreto Legge 4 maggio 2023 n. 48) inizialmente valido solo per l\u2019a.s. 2023\/24 e poi prorogato per l\u2019a.s. 2024\/25.<\/p>\n<p>In base al Decreto Legge 48\/2023\u00a0e\u00a0come chiarito dalla circolare INAIL n. 45 del 26\/10\/2025,\u00a0gli studenti, i docenti e il personale in servizio sono coperti dalla assicurazione INAIL in tutti gli ambienti dell\u2019istituto scolastico e nello svolgimento di tutte le attivit\u00e0 (e non pi\u00f9, come avveniva fino all&#8217;a.s. 2022\/23, solo in palestra o durante le attivit\u00e0 di laboratorio). Per gli alunni restano esclusi gli infortuni in itinere (tranne che per le attivit\u00e0 di Formazione Scuola-Lavoro per gli alunni delle scuole secondarie di secondo grado).<\/p>\n<p>Per maggiori informazioni \u00e8 possibile consultare la <a href=\"https:\/\/www.icrandi.edu.it\/public\/articoli\/files\/1\/0\/ASSICURAZIONE\/circolaren1_9gennaio2026.pdf\"><strong>Circolare\u00a0INAIL n. 1 del 09\/01\/2026<\/strong><\/a> e il relativo <a href=\"https:\/\/www.icrandi.edu.it\/public\/articoli\/files\/1\/0\/ASSICURAZIONE\/allegato1_circolare_1_2026.pdf\"><strong>allegato<\/strong><\/a>.<\/p>\n<p>&nbsp;<\/p>\n<ol start=\"2\">\n<li><strong> L&#8217;ASSICURAZIONE SCOLASTICA INTEGRATIVA<\/strong><\/li>\n<\/ol>\n<p>Al fine di garantire una maggiore tutela rispetto a quanto previsto dall&#8217;assicurazione obbligatoria INAIL, le scuole stipulano assicurazioni integrative per alunni e per il personale.<\/p>\n<p><strong><em>Perch\u00e9 l\u2019assicurazione integrativa?<\/em><\/strong><\/p>\n<p>Infatti, il \u201cDecreto Lavoro\u201d e le sue successive modifiche e integrazioni\u00a0non hanno modificato la portata delle tutele infortunistiche garantite dall\u2019INAIL, in vigore dal 1965, ma ne ha solo esteso l\u2019ambito di applicazione (gi\u00e0 in attive in palestra e nei laboratori) a tutte le attivit\u00e0 scolastiche. Tale estensione ha, per\u00f2, scarso impatto in ambito scolastico e, nello specifico, sugli alunni perch\u00e9:<\/p>\n<p>1) l\u2019unica prestazione erogabile dall\u2019INAIL \u00e8 una pensione che sostituisce o integra lo stipendio che deve essere proporzionale al grado di invalidit\u00e0 e alla retribuzione del lavoratore: ovviamente, lo studente risulta escluso da tale casistica; inoltre, la pensione di invalidit\u00e0 \u00e8 erogabile solo in rarissimi casi molto gravi;<\/p>\n<p>2) l\u2019assicurazione INAIL non copre la Responsabilit\u00e0 Civile verso Terzi (RCT), per eventuali danni prodotti dagli alunni, per i quali le famiglie potrebbero essere chiamate civilmente a rispondere in solido per <em>culpa in educando<\/em>;<\/p>\n<p>3) l\u2019assicurazione INAIL non copre gli infortuni in itinere per gli allievi, ma solo per il personale scolastico: come specificato alla lettera f) del comma 2 dell\u2019art 18 del \u201cDecreto Lavoro\u201d, per infortunio in itinere si intende quello occorso \u201cal lavoratore durante il normale percorso di andata e ritorno dal luogo di abitazione a quello di lavoro\u201d, mentre sono esclusi gli alunni.<\/p>\n<p>Pertanto, la polizza assicurativa integrativa rimane al momento la sola via risarcitoria, nonch\u00e9 l\u2019unico strumento di reale tutela per le famiglie, sia per i danni prodotti dai figli a terzi, sia per i danni dai loro figli subiti.<\/p>\n<p>Si ricorda, inoltre, che il pagamento dell\u2019assicurazione \u00e8 condizione necessaria per la partecipazione degli alunni alle visite guidate e ai viaggi di istruzione.<\/p>\n<p>Si precisa, infine, che, ai sensi delle norme del Codice Civile, l\u2019assicurazione cosiddetta \u201cdel capofamiglia\u201d non copre gli infortuni subiti e la RCT quando l\u2019alunno \u00e8 a scuola.<\/p>\n<p><strong><em>Le caratteristiche dell&#8217;assicurazione integrativa del Liceo Copernico<\/em><\/strong><\/p>\n<p>Per il triennio 2025\/2028 il nostro Istituto ha stipulato con l&#8217;Agenzia di Assicurazione BENACQUISTA ASSICURAZIONI S.r.l. Via del Lido, 106 &#8211; 04100 Latina &#8211; P.I. 00565010592, il contratto per l&#8217;assicurazione Infortuni\/RCT riguardante Alunni e Personale Scolastico.<\/p>\n<p>La polizza prevede <strong>per gli alunni e per il personale<\/strong>:<\/p>\n<p>&#8211; la copertura degli infortuni personali occorsi durante le attivit\u00e0 didattiche;<\/p>\n<p>&#8211; La copertura degli infortuni personali occorsi nel tragitto casa-scuola;<\/p>\n<p>&#8211; la copertura di danni causati a terzi (la cosiddetta RCT, ossia &#8220;Responsabilit\u00e0 Civile verso Terzi&#8221;).<\/p>\n<p>DOCUMENTI ALLEGATI DA CONSULTARE :<\/p>\n<p><a href=\"https:\/\/copernico.edu.it\/wp-content\/uploads\/2026\/02\/Infortunio-Docente.pdf\">Infortunio Docente<\/a><\/p>\n<p><a href=\"https:\/\/copernico.edu.it\/wp-content\/uploads\/2026\/02\/Guida_scuola_cosa_fare_in_caso_di_sinistro.pdf\">Guida_scuola_cosa_fare_in_caso_di_sinistro<\/a><\/p>\n<p><a href=\"https:\/\/copernico.edu.it\/wp-content\/uploads\/2026\/02\/Circolare-n-1_9-gennaio-2026.pdf\">Circolare-n-1_9-gennaio-2026<\/a><\/p>\n<p><a href=\"https:\/\/copernico.edu.it\/wp-content\/uploads\/2026\/02\/CONDIZIONI_DI_POLIZZA_09.47.03.pdf\">CONDIZIONI_DI_POLIZZA_09.47.03<\/a><\/p>\n<p><a href=\"https:\/\/copernico.edu.it\/wp-content\/uploads\/2026\/02\/Guida_Assistenza_Sanitaria_Scuola_Viaggio.pdf\">Guida_Assistenza_Sanitaria_Scuola_Viaggio<\/a><\/p>\n<p><a href=\"https:\/\/copernico.edu.it\/wp-content\/uploads\/2026\/02\/09_Privacy_Sinistro.pdf\">09_Privacy_Sinistro<\/a><\/p>\n<p><a href=\"https:\/\/copernico.edu.it\/wp-content\/uploads\/2026\/02\/07_Guida_assicurato.pdf\">07_Guida_assicurato<\/a><\/p>\n<p><a href=\"https:\/\/copernico.edu.it\/wp-content\/uploads\/2026\/02\/01_Allegati_IVASS.pdf\">01_Allegati_IVASS<\/a><\/p>\n<p><a href=\"https:\/\/copernico.edu.it\/wp-content\/uploads\/2026\/02\/30_01_2026_09_28_42_065_TabellaMassimali_AIG.pdf\">30_01_2026_09_28_42_065_TabellaMassimali_AIG<\/a><\/p>\n<p><a href=\"https:\/\/copernico.edu.it\/wp-content\/uploads\/2026\/02\/Allegato-1_circolare_1_2026.pdf\">Allegato-1_circolare_1_2026<\/a><\/p>\n","protected":false},"excerpt":{"rendered":"<p>ASSICURAZIONE SCOLASTICA L&#8217;ASSICURAZIONE OBBLIGATORIA INAIL Il testo unico approvato con il DPR\u00a030 giugno 1965,\u00a0n. 1124\u00a0stabilisce\u00a0i requisiti in presenza dei\u00a0quali opera l\u2019assicurazione obbligatoria e gratuita presso INAIL contro gli infortuni sul lavoro e le malattie professionali. Le [&hellip;]<\/p>\n","protected":false},"author":133,"featured_media":0,"parent":0,"menu_order":0,"comment_status":"closed","ping_status":"closed","template":"","meta":{"footnotes":""},"tags":[],"class_list":["post-3492","page","type-page","status-publish","hentry"],"_links":{"self":[{"href":"https:\/\/copernico.edu.it\/index.php?rest_route=\/wp\/v2\/pages\/3492","targetHints":{"allow":["GET"]}}],"collection":[{"href":"https:\/\/copernico.edu.it\/index.php?rest_route=\/wp\/v2\/pages"}],"about":[{"href":"https:\/\/copernico.edu.it\/index.php?rest_route=\/wp\/v2\/types\/page"}],"author":[{"embeddable":true,"href":"https:\/\/copernico.edu.it\/index.php?rest_route=\/wp\/v2\/users\/133"}],"replies":[{"embeddable":true,"href":"https:\/\/copernico.edu.it\/index.php?rest_route=%2Fwp%2Fv2%2Fcomments&post=3492"}],"version-history":[{"count":1,"href":"https:\/\/copernico.edu.it\/index.php?rest_route=\/wp\/v2\/pages\/3492\/revisions"}],"predecessor-version":[{"id":3503,"href":"https:\/\/copernico.edu.it\/index.php?rest_route=\/wp\/v2\/pages\/3492\/revisions\/3503"}],"wp:attachment":[{"href":"https:\/\/copernico.edu.it\/index.php?rest_route=%2Fwp%2Fv2%2Fmedia&parent=3492"}],"wp:term":[{"taxonomy":"post_tag","embeddable":true,"href":"https:\/\/copernico.edu.it\/index.php?rest_route=%2Fwp%2Fv2%2Ftags&post=3492"}],"curies":[{"name":"wp","href":"https:\/\/api.w.org\/{rel}","templated":true}]}}